6 - (-3 - (-4 - -6))?
-13
1 + 20 + (0 - 19)
2
What is 27 + (7 - (10 + -14 + 14))?
24
What is -16 - (0 - (-7 - -6))?
-17
What is (3 - 40) + (6 - -16)?
-15
What is the value of 4 + 12 + -24 + (21 - 33)?
-20
What is (1 + 3 - 6) + (4 - 7) - 2?
-7
(-1 + 2 - 4) + (0 - -1)
-2
What is 6 + (7 - 14 - -9)?
8
What is -17 + -23 + 3 + 21?
-16
What is the value of 39 + (-15 + -8 - -4)?
20
What is the value of 0 - -1 - (-14 + 25 + (-9 - 1))?
0
14 + -22 - (-1 + -4 - (128 + -109))
16
Calculate 11 + -15 + 10 - 17.
-11
Evaluate 0 - -7 - (-5 + 8) - (-66 + 67).
3
Evaluate -14 + 2 + 29 + 10.
27
What is the value of 5 + -7 + -20 + 16 + (-1 - -1)?
-6
Calculate -10 + 20 + (-7 - 22).
-19
What is 5 - (-2 + (-5 - -6 - -9))?
-3
What is the value of 1 - (26 - 23) - -7?
5
What is (4 - -2) + (6 - 3)?
9
What is the value of -16 - ((22 - 25) + 12)?
-25
-6 + (11 - 11) + (0 - (-4 + -2))
0
Evaluate -724 - -736 - (-20 - 0).
32
What is 26 + (-29 - -24 - 16)?
5
0 + 6 + -2 + (6 - 6) - -3
7
0 + 8 + -21 + 1 + 2
-10
Evaluate -4 - (-17 + 5 + 6) - (1 + -1).
2
Calculate (11 - 0) + -5 - (1 - (8 + -6)).
7
13 - (3 + (0 - -14)) - (0 - -15)
-19
13 + (-17 - (-18 - -10))
4
What is the value of 9 + -17 + (-2 - 0 - -4) - -1?
-5
Evaluate 13 + (-6 - -15) + -12.
10
-3 + -2 + 1 + (-129 - -141)
8
Evaluate 3 + (-15 - (-4 - -2)).
-10
0 - -12 - ((-28 - -68) + -15 - 32)
19
What is the value of -64 - -68 - (-4 - -6) - 7?
-5
What is 21 + (3 - 11) - (6 - -29)?
-22
Calculate 7 + (-20 + -7 - -7).
-13
What is -92 + (-95 - -166) - (-1 + -9 + 0)?
-11
Calculate (-11 - -3) + 5 - 3.
-6
Evaluate 9 - 0 - (84 - 86).
11
Evaluate -1 - 0 - (8 - ((-3 - -19) + -9)).
-2
(-26 - 0) + (-5 - (8 + -21)) + -1
-19
What is the value of 0 + 0 + (-8 - -17 - 25)?
-16
Evaluate (-3 - -3) + 69 + -55.
14
What is the value of 26 + -36 + 32 + -35?
-13
What is the value of (-27 + 21 - (-1 + 0)) + -9?
-14
What is 13 + (47 - 41 - (9 + (-2 - 0)))?
12
Evaluate -24 - -21 - (-1 + -11).
9
0 - 28 - -23 - (-2 + 0 - -9)
-12
What is the value of (7 - (6 + 13) - -5) + 10 + 14?
17
What is the value of (5 - 33) + -55 + 96?
13
Calculate (8 - (17 - 22)) + -24 + -1 + -1.
-13
Evaluate -2 - (6 - (-1 + 8) - 7).
6
Calculate -27 + (-15 - -18) + 14.
-10
14 - ((-10 - -13) + 9)
2
Evaluate 4 - 10 - (-20 + 14).
0
(-2 - -16 - 7) + -20 + 0 + 1
-12
What is -599 + 608 + -1 + -35?
-27
(-14 - 2 - -67) + -34
17
Calculate 15 - (14 - (19 - 30)).
-10
Evaluate 1 - (-7 - (11 - 16)).
3
(-11 + 11 - (-4 - -2)) + 6
8
37 + 14 - 7 - (29 + -14)
29
What is (4 - 3 - 4 - (-75 - -67)) + -39?
-34
What is -1 + (4 - (-6 + 10)) + 7?
6
-54 + 19 + 27 + 37 + (2 - 4)
27
Evaluate -8 + 12 + 6 - 6 - 17.
-13
What is the value of 21 - (17 - -17 - 14) - (-19 + -1)?
21
4 + 2 - (0 + -4 - -2)
8
1 - (13 + 3) - ((-6 - 2) + 3)
-10
Evaluate -24 + 41 + -24 - -8.
1
What is 3 + (6 + -20 - 2) - 7?
-20
Calculate -23 + 63 + -20 + -36.
-16
-1 + 1 + 0 + (-8 - (22 + -45))
15
What is (0 - 1 - 4) + 17 + -15 + 4?
1
Calculate (40 - (33 + 37)) + 11.
-19
What is 6 + 0 + (-38 - (-16 - 27))?
11
What is the value of 211 - 215 - (-23 + 2)?
17
-4 + -9 + 7 + 4 - 11
-13
Evaluate (0 - 5 - (-62 - -54)) + (3 - 4).
2
What is -59 - -71 - (2 - -7)?
3
What is the value of -7 + (-9 - -8) + 8 + -10?
-10
What is the value of -6 + -4 + 18 + -11 - 8?
-11
Evaluate (-160 - -161) + -1 + 2 + 7.
9
Evaluate (7 - -1) + (-31 - (40 - 88)).
25
What is the value of 30 + 6 + -19 - 21?
-4
Evaluate 7 - ((-16 - -9 - -9) + 4).
1
What is the value of -66 + 27 - -74 - 24?
11
Calculate 5 - ((-12 - -15) + 25).
-23
Calculate -27 - -30 - (0 - 2).
5
Evaluate (-14 + -8 + 12 - -14) + -2.
2
Evaluate (-417 - -441) + (0 - 8).
16
Evaluate 9 + (-7 - -9) + -17 + (0 - 6).
-12
What is the value of -2 + 13 + -6 - (7 - (1 + -5))?
-6
Calculate 9 - (-70 + 22 - -33).
24
What is (-48 + 10 - -19) + -20?
-39
9 + -11 + (12 - 7) + 3 + -18
-12
-26 - (-1 - (-18 - (5 + -17)))
-31
What is (3 + -23 - (7 + -8 + -1)) + -6?
-24
Calculate -5 - (-7 + (-5 - -1)) - 7.
-1
Evaluate 0 + (4 - -3) + -20 - -7 - 6.
-12
Evaluate -19 + 2 + -154 + 161.
-10
Calculate (22 + -2 - 0) + 17 + 48 + -76.
9
Evaluate 16 + (33 - 17 - 75) + 16.
-27
-4 - 8 - -16 - (-3 - -1)
6
Evaluate -39 + 22 + 10 + -3.
-10
Calculate (-38 - -39) + (-2 - 0) + -11.
-12
What is the value of 111 - 111 - (-5 - 3)?
8
Evaluate -3 + (-9 - -4) + -2 + (29 - -2).
21
Calculate -1 - (1 + 1) - (893 - 916).
20
Evaluate -25 - (29 - (3 - -24)).
-27
What is -12 - -2 - (-4 - (-4 - -4 - -4))?
-2
Calculate -20 + 5 + 3 + (-2 - 0).
-14
Calculate 2 + -4 - (10 - (-9 + 25)).
4
What is -4 + 1 - (31 + -22 + -9)?
-3
What is the value of 9 + 27 + -22 - 0?
14
What is the value of 6 - (-14 - (5 - 4) - 4) - -1?
26
5 - (28 - (5 + -17 + 9))
-26
What is -8 + 3 + -14 + 27?
8
What is (-1 - -13) + (6 + -11 + 8 - 9)?
6
What is (-7 - -10) + 4 + -4 + -2?
1
What is (20 - 7) + (-2 - -10) + (4 - 1)?
24
What is 12 - (0 + -5) - 30?
-13
What is the value of -4 + 1 + (-3 + 0 - (-9 - -6))?
-3
What is -30 + (17 + 5 - 1)?
-9
What is the value of -7 + -22 + (-19 - -36) + 2 + 5?
-5
What is the value of -1 + -23 - (18 + -6 + -16 + 5)?
-25
What is the value of 20 + 12 + -15 + -18?
-1
Calculate -198 - -210 - (3 + -2 - -11).
0
Evaluate (-5 + -20 + 10 - -11) + (-1 - 0).
-5
Calculate 7 - (-3 - -3 - 1 - (-1 + -7)).
0
-68 - (27 + -54) - -74
33
What is (-2 - 1 - (-26 - -20)) + 9?
12
16 + -6 + -2 - 29
-21
Evaluate 9 + 2 + -1 + 2 + 5.
17
What is (3 - (-59 + 61)) + -12 + 0?
-11
What is -13 + 5 + 14 + -9 + -3 + 1?
-5
Evaluate (6 + -4 - -6) + -18 - 1.
-11
What is (-6 - -2) + -11 - -7?
-8
What is the value of -4 + 2 + (-18 - (10 + -4 - 55))?
29
Calculate (24 - 10) + (1 - 16).
-1
2 + 6 - (6 + -1 + -1)
4
Calculate 5 + -9 - -6 - (-18 - -10).
10
38 + 3 - 28 - (0 + -13)
26
Evaluate 3 + -2 - (0 - 2).
3
Calculate -9 - ((1 - -8) + (56 - 89)).
15
What is -3 - ((-8 - 2) + (-4 - 16))?
27
Evaluate -4 + 11 - (0 + 7 + -1).
1
Calculate (-9 - (13 + 3)) + 32.
7
Calculate (-12 - (19 + -21)) + 2.
-8
What is 11 + (-3 - -1) + -4 + 8 + -3?
10
Evaluate -14 + 0 - (-14 + 39 + -23).
-16
What is the value of 41 - 49 - ((-4 - (-5 + 1)) + -16)?
8
What is the value of 14 + 4 + -57 + 44?
5
Evaluate -18 - -17 - (-6 - (3 - 3)).
5
What is the value of 222 + -218 + (0 - 6) + 3?
1
Evaluate 0 + -2 - (-136 - -142).
-8
What is the value of 18 + -3 + -7 - 9?
-1
What is 4 + (-23 - -11) + 6 - -5?
3
Calculate 2 - 7 - (10 - 1).
-14
Calculate (19 - (34 + -20)) + -34 + 2.
-27
What is 9 + -9 + 4 + (-4 - -1) + -12?
-11
Calculate 5 + 6 + 14 + (-3 + 5 - 3).
24
Calculate 7 + 12 + (6 - 14) + -13.
-2
What is the value of 6 + (5 - (6 + 6))?
-1
Calculate 87 - 86 - (-2 - -2).
1
Calculate -4 + -1 + 6 + (-8 - -10).
3
Calculate 2 + -5 + 6 - (4 + (-5 - -7)).
-3
Evaluate -16 - (-13 - (-27 - -15)).
-15
Calculate -21 + (-11 - -13) - -18.
-1
What is the value of -1 + -13 - 2 - (65 - (-16 + 91))?
-6
Calculate (-2 - (18 - 7)) + 24.
11
What is -1 - (4 + -10 - -4 - (2 + -7))?
-4
-11 + 38 + -21 + (-4 - 0) + 0
2
What is -5 - ((-4 - 0) + 8 - (-5 - -7))?
-7
Evaluate (9 - 1) + (-38 - -34) - (10 + -7).
1
Evaluate (-1 + 10 - (26 - (-27 - -41))) + -3.
-6
-5 + 4 - -4 - ((1 - 6) + -16)
24
Evaluate -6 + (12 - (-10 - -13)) + -1.
2
Calculate -9 + (-7 - (-1 - 8)) + -1 - -8.
0
Calculate -5 + 28 + -26 + (-1 + 1 - -14).
11
What is -22 + (-1 - -3) + (4 - -2)?
-14
(1 - (-14 - -2)) + -17
-4
Evaluate 16 - (49 + (-14 - 19)).
0
Calculate (5 - -1) + -1 + (-18 + 6 - -13).
6
What is the value of 3 + (2 - (0 - -5)) - (-223 - -214)?
9
What is -1 + 9 + (-7 + -11 - 0)?
-10
What is 5 - (-10 + (-2 - -12) - -10)?
-5
-2 - (-12 - 9) - -12
31
What is the value of -24 - (-41 + 10 - -13)?
-6
What is (-9 - (-6 - 5)) + (-9 - -9) + 6?
8
3 + -1 + 13 + (4 - -8)
27
What is the value of 8 - (-11 + -18 + 36 + (2 - 17))?
16
Calculate 7 - -1 - (3 + 7 - 1).
-1
What is the value of -14 + 2 + (23 - (30 + 8))?
-27
What is the value of 6 - (0 + -3 - (-2 + -1 + 1))?
7
What is the value of -5 + (-9 - -15 - 7)?
-6
(7 + 4 - 9) + -3 - -11
10
Calculate 29 - (52 + -25 + -2).
4
10 - -1 - ((-22 - (-4 + -7)) + 7)
15
Evaluate 41 + (-24 - -8) - 14.
11
What is the value of 8 - 0 - (262 + -255)?
1
What is the value of -1 + 7 + -144 + 133 + 0 + 5?
0
What is the value of (-10 - 3) + 12 + (-12 - -4) + 5?
-4
84 - 105 - (-37 - 0)
16
Calculate (1 - -17) + (292 - 329).
-19
-2 + (4 - 38) + -203 + 207
-32
20 + -30 + (37 - 17)
10
11 + (6 - (-7 -